t is the remainder when 4251 is divided by 4008?
243
Calculate the remainder when 5943227 is divided by 742902.
11
What is the remainder when 75048 is divided by 49?
29
What is the remainder when 19618195 is divided by 2452265?
75
Calculate the remainder when 83057 is divided by 1112.
769
What is the remainder when 36884 is divided by 18296?
292
What is the remainder when 1709457 is divided by 32?
17
Calculate the remainder when 594863 is divided by 14508.
35
Calculate the remainder when 2301734 is divided by 2298917.
2817
What is the remainder when 888558 is divided by 8005?
3
What is the remainder when 6722154 is divided by 451?
450
Calculate the remainder when 14266 is divided by 7004.
258
Calculate the remainder when 583246 is divided by 730.
706
Calculate the remainder when 2188773 is divided by 619.
608
Calculate the remainder when 463074948 is divided by 2182.
2180
What is the remainder when 3474230 is divided by 11898?
14
Calculate the remainder when 3372539 is divided by 6.
5
What is the remainder when 40990 is divided by 87?
13
What is the remainder when 1227027 is divided by 58368?
1299
Calculate the remainder when 1836133 is divided by 201.
199
What is the remainder when 494892 is divided by 1?
0
What is the remainder when 2408335 is divided by 41523?
1
Calculate the remainder when 2781369 is divided by 2818.
3
Calculate the remainder when 954334 is divided by 411.
403
Calculate the remainder when 51294994 is divided by 886.
24
Calculate the remainder when 376385424 is divided by 3.
0
What is the remainder when 193277 is divided by 1086?
1055
What is the remainder when 344215 is divided by 31167?
1378
What is the remainder when 604299 is divided by 36?
3
Calculate the remainder when 153740 is divided by 38399.
144
What is the remainder when 798152 is divided by 199392?
584
What is the remainder when 29665 is divided by 667?
317
Calculate the remainder when 220614154 is divided by 42.
40
Calculate the remainder when 3718702465 is divided by 221.
218
Calculate the remainder when 13157 is divided by 630.
557
Calculate the remainder when 453442 is divided by 18842.
1234
Calculate the remainder when 177297 is divided by 1659.
1443
Calculate the remainder when 3262804 is divided by 815688.
52
What is the remainder when 31683809 is divided by 1584190?
9
What is the remainder when 517665 is divided by 517604?
61
Calculate the remainder when 3853234 is divided by 471.
454
What is the remainder when 278748 is divided by 277755?
993
What is the remainder when 224869180 is divided by 223?
217
What is the remainder when 161862 is divided by 1058?
1046
What is the remainder when 16096567 is divided by 1212?
1207
What is the remainder when 2944838 is divided by 34?
30
What is the remainder when 378496 is divided by 2097?
1036
What is the remainder when 31720587 is divided by 99?
96
Calculate the remainder when 243962 is divided by 1320.
1082
Calculate the remainder when 538272 is divided by 338.
176
Calculate the remainder when 676975 is divided by 167.
124
Calculate the remainder when 7544637 is divided by 18.
9
Calculate the remainder when 7167714 is divided by 1176.
1170
What is the remainder when 8937395 is divided by 338?
337
Calculate the remainder when 45464 is divided by 367.
323
What is the remainder when 656729 is divided by 10?
9
Calculate the remainder when 144888 is divided by 2129.
116
Calculate the remainder when 59553009 is divided by 3900.
9
What is the remainder when 40207685 is divided by 335064?
5
What is the remainder when 1852917 is divided by 1552?
1381
Calculate the remainder when 9762049 is divided by 160.
129
Calculate the remainder when 4070493 is divided by 700.
693
What is the remainder when 133402 is divided by 853?
334
Calculate the remainder when 883106 is divided by 110387.
10
Calculate the remainder when 63033 is divided by 1589.
1062
What is the remainder when 361690 is divided by 21264?
202
What is the remainder when 761202 is divided by 7608?
402
What is the remainder when 974262 is divided by 65?
42
What is the remainder when 61381 is divided by 300?
181
Calculate the remainder when 203380 is divided by 40653.
115
Calculate the remainder when 66898950 is divided by 1552.
1542
What is the remainder when 525906 is divided by 262938?
30
What is the remainder when 4047423 is divided by 951?
918
Calculate the remainder when 87175102 is divided by 745086.
40
Calculate the remainder when 74287 is divided by 17632.
3759
Calculate the remainder when 5569821 is divided by 1856607.
0
Calculate the remainder when 232746606 is divided by 14.
8
Calculate the remainder when 16301337 is divided by 660.
657
Calculate the remainder when 20751 is divided by 129.
111
What is the remainder when 6268937 is divided by 248?
241
Calculate the remainder when 11190501 is divided by 117.
36
Calculate the remainder when 837912 is divided by 86.
14
Calculate the remainder when 1187578 is divided by 3577.
14
What is the remainder when 29913772 is divided by 515?
512
Calculate the remainder when 491999 is divided by 4134.
53
Calculate the remainder when 2253096 is divided by 206.
74
Calculate the remainder when 1161968 is divided by 11735.
203
What is the remainder when 103384 is divided by 182?
8
Calculate the remainder when 16270788 is divided by 86.
18
What is the remainder when 10161390 is divided by 137316?
6
What is the remainder when 62479 is divided by 12277?
1094
What is the remainder when 14978 is divided by 211?
208
Calculate the remainder when 19506771 is divided by 3251126.
15
What is the remainder when 3354754 is divided by 83861?
314
What is the remainder when 84290 is divided by 3612?
1214
Calculate the remainder when 1340604 is divided by 89199.
2619
What is the remainder when 946397 is divided by 35?
32
Calculate the remainder when 2605549 is divided by 42.
37
What is the remainder when 56648484 is divided by 50399?
8
Calculate the remainder when 101959 is divided by 331.
11
Calculate the remainder when 1114778 is divided by 281.
51
Calculate the remainder when 262659 is divided by 129996.
2667
What is the remainder when 1573629 is divided by 119?
92
Calculate the remainder when 30133201 is divided by 53.
51
Calculate the remainder when 723440 is divided by 241140.
20
What is the remainder when 6659602 is divided by 266383?
27
Calculate the remainder when 4759310 is divided by 14.
10
Calculate the remainder when 207604 is divided by 221.
85
What is the remainder when 106537 is divided by 7609?
11
What is the remainder when 11502357 is divided by 1437794?
5
What is the remainder when 42442 is divided by 5173?
1058
Calculate the remainder when 25510 is divided by 1749.
1024
What is the remainder when 18669404 is divided by 196?
12
Calculate the remainder when 8650313 is divided by 76.
69
Calculate the remainder when 1218703 is divided by 1218699.
4
Calculate the remainder when 37167063 is divided by 650.
63
Calculate the remainder when 410904 is divided by 1417.
1391
What is the remainder when 117473054 is divided by 1334921?
6
What is the remainder when 1633774 is divided by 3731?
3327
What is the remainder when 1496955739 is divided by 17?
16
What is the remainder when 5144265 is divided by 179?
163
What is the remainder when 16678387 is divided by 38?
35
Calculate the remainder when 36301203 is divided by 36.
27
What is the remainder when 70507520 is divided by 1084731?
5
What is the remainder when 28942593 is divided by 470?
463
Calculate the remainder when 1999840 is divided by 666607.
19
What is the remainder when 91714 is divided by 2934?
760
What is the remainder when 7545320 is divided by 4094?
78
Calculate the remainder when 99475 is divided by 46.
23
What is the remainder when 11797206 is divided by 357491?
3
Calculate the remainder when 1512758 is divided by 836.
434
Calculate the remainder when 2116621 is divided by 352767.
19
What is the remainder when 2981425 is divided by 901?
16
Calculate the remainder when 102287749 is divided by 18.
13
Calculate the remainder when 39942654 is divided by 1664.
1662
What is the remainder when 8542682 is divided by 157?
155
Calculate the remainder when 595828 is divided by 11457.
64
Calculate the remainder when 288 is divided by 145.
143
Calculate the remainder when 1482